digit of 12313?
3
What is the units digit of 1881?
1
What is the units digit of 418?
8
What is the hundreds digit of 188?
1
What is the units digit of 44191?
1
What is the tens digit of 1338?
3
What is the hundreds digit of 5115?
1
What is the thousands digit of 44511?
4
What is the thousands digit of 77350?
7
What is the tens digit of 107109?
0
What is the tens digit of 15019?
1
What is the ten thousands digit of 17324?
1
What is the hundreds digit of 73448?
4
What is the tens digit of 102634?
3
What is the units digit of 1191?
1
What is the thousands digit of 2371?
2
What is the tens digit of 11118?
1
What is the units digit of 23?
3
What is the hundreds digit of 379?
3
What is the hundreds digit of 120515?
5
What is the hundreds digit of 16635?
6
What is the thousands digit of 94722?
4
What is the thousands digit of 5349?
5
What is the units digit of 11404?
4
What is the tens digit of 3242?
4
What is the ten thousands digit of 12253?
1
What is the tens digit of 8786?
8
What is the tens digit of 24169?
6
What is the thousands digit of 24171?
4
What is the ten thousands digit of 102319?
0
What is the units digit of 3478?
8
What is the hundreds digit of 442?
4
What is the units digit of 128218?
8
What is the tens digit of 1916?
1
What is the hundreds digit of 231?
2
What is the tens digit of 11342?
4
What is the units digit of 967?
7
What is the hundreds digit of 7736?
7
What is the hundreds digit of 2131?
1
What is the thousands digit of 2277?
2
What is the tens digit of 90951?
5
What is the tens digit of 6014?
1
What is the ten thousands digit of 48093?
4
What is the ten thousands digit of 13040?
1
What is the units digit of 1873?
3
What is the units digit of 4889?
9
What is the units digit of 294?
4
What is the tens digit of 6129?
2
What is the units digit of 78849?
9
What is the units digit of 27347?
7
What is the thousands digit of 1039?
1
What is the tens digit of 214?
1
What is the hundreds digit of 2579?
5
What is the hundreds digit of 38028?
0
What is the hundreds digit of 6545?
5
What is the units digit of 844?
4
What is the tens digit of 6092?
9
What is the tens digit of 16093?
9
What is the hundreds digit of 4360?
3
What is the tens digit of 24140?
4
What is the thousands digit of 4701?
4
What is the hundreds digit of 29835?
8
What is the tens digit of 990?
9
What is the hundreds digit of 7863?
8
What is the tens digit of 4499?
9
What is the units digit of 2294?
4
What is the thousands digit of 1585?
1
What is the tens digit of 34684?
8
What is the hundreds digit of 537?
5
What is the units digit of 83093?
3
What is the tens digit of 144?
4
What is the hundreds digit of 3573?
5
What is the tens digit of 58653?
5
What is the units digit of 2828?
8
What is the units digit of 1021?
1
What is the thousands digit of 4259?
4
What is the tens digit of 17143?
4
What is the units digit of 14930?
0
What is the hundreds digit of 1452?
4
What is the units digit of 7360?
0
What is the units digit of 15431?
1
What is the thousands digit of 3033?
3
What is the units digit of 1940?
0
What is the units digit of 46220?
0
What is the tens digit of 271?
7
What is the tens digit of 4711?
1
What is the units digit of 7845?
5
What is the tens digit of 33504?
0
What is the hundreds digit of 11026?
0
What is the thousands digit of 2807?
2
What is the hundreds digit of 822?
8
What is the units digit of 2529?
9
What is the ten thousands digit of 11438?
1
What is the tens digit of 1458?
5
What is the thousands digit of 124219?
4
What is the hundreds digit of 41535?
5
What is the units digit of 2076?
6
What is the ten thousands digit of 128369?
2
What is the units digit of 13449?
9
What is the ten thousands digit of 39778?
3
What is the units digit of 104712?
2
What is the thousands digit of 24088?
4
What is the tens digit of 122536?
3
What is the hundreds digit of 17703?
7
What is the hundred thousands digit of 117562?
1
What is the thousands digit of 78274?
8
What is the hundreds digit of 30808?
8
What is the thousands digit of 5647?
5
What is the hundreds digit of 1217?
2
What is the ten thousands digit of 44641?
4
What is the tens digit of 316?
1
What is the hundreds digit of 6287?
2
What is the tens digit of 1020?
2
What is the hundreds digit of 64471?
4
What is the ten thousands digit of 20217?
2
What is the ten thousands digit of 27946?
2
What is the tens digit of 33341?
4
What is the tens digit of 1612?
1
What is the hundreds digit of 2206?
2
What is the units digit of 4754?
4
What is the tens digit of 1820?
2
What is the units digit of 53192?
2
What is the tens digit of 2933?
3
What is the tens digit of 3664?
6
What is the tens digit of 31856?
5
What is the hundreds digit of 5422?
4
What is the thousands digit of 4415?
4
What is the units digit of 14772?
2
What is the units digit of 1515?
5
What is the tens digit of 70?
7
What is the tens digit of 2179?
7
What is the ten thousands digit of 21314?
2
What is the thousands digit of 12503?
2
What is the tens digit of 116820?
2
What is the units digit of 1184?
4
What is the units digit of 88370?
0
What is the ten thousands digit of 12056?
1
What is the units digit of 777?
7
What is the thousands digit of 16291?
6
What is the thousands digit of 1032?
1
What is the units digit of 2377?
7
What is the hundreds digit of 18413?
4
What is the tens digit of 252?
5
What is the units digit of 501?
1
What is the units digit of 147?
7
What is the units digit of 16080?
0
What is the hundreds digit of 46067?
0
What is the hundreds digit of 1188?
1
What is the tens digit of 2904?
0
What is the units digit of 87087?
7
What is the ten thousands digit of 64734?
6
What is the tens digit of 7703?
0
What is the hundreds digit of 2598?
5
What is the units digit of 3091?
1
What is the thousands digit of 1283?
1
What is the thousands digit of 9002?
9
What is the hundreds digit of 2351?
3
What is the tens digit of 60823?
2
What is the hundreds digit of 12340?
3
What is the tens digit of 1448?
4
What is the ten thousands digit of 27229?
2
What is the hundreds digit of 4600?
6
What is the thousands digit of 10054?
0
What is the tens digit of 27204?
0
What is the ten thousands digit of 21937?
2
What is the units digit of 5360?
0
What is the ten thousands digit of 40153?
4
What is the units digit of 1687?
7
What is the tens digit of 137337?
3
What is the units digit of 20117?
7
What is the hundreds digit of 4089?
0
What is the hundreds digit of 3201?
2
What is the hundreds digit of 1511?
5
What is the thousands digit of 77305?
7
What is the units digit of 18980?
0
What is the ten thousands digit of 79456?
7
What is the thousands digit of 12746?
2
What is the ten thousands digit of 15871?
1
What is the hundreds digit of 8440?
4
What is the tens digit of 6758?
5
What is the ten thousands digit of 15908?
1
What is the tens digit of 3536?
3
What is the hundreds digit of 1515?
5
What is the units digit of 874?
4
What is the units digit of 4752?
2
What is the thousands digit of 2507?
2
What is the ten thousands digit of 35663?
3
What is the units digit of 1576?
6
What is the thousands digit of 35957?
5
What is the hundreds digit of 9339?
3
What is the thousands digit of 157540?
7
What is the hundreds digit of 10743?
7
What is the tens digit of 29966?
6
What is the thousands digit of 1570?
1
What is the tens digit of 1643?
4
What is the tens digit of 804?
0
What is the units digit of 2887?
7
What is the units digit of 112?
2
What is the tens digit of 169754?
5
What is the thousands digit of 4084?
4
What is the hundreds digit of 410?
4
What is the thousands digit of 5201?
5
What is the units digit of 45803?
3
What is the hundreds digit of 11418?
4
What is the hundreds digit of 8485?
4
What is the hundreds digit of 578?
5
What is the hundreds digit of 52523?
5
What is the hundreds digit of 1438?
4
What is the tens digit of 7049?
4
What is the hundreds digit of 769?
7
What is the ten thousands digit of 37514?
3
What is the tens digit of 38430?
3
What is the thousands digit of 1575?
1
What is the units digit of 12333?
3
What is the hundreds digit of 311?
3
What is the units digit of 20518?
8
What is the units digit of 31523?
3
What is the units digit of 3542?
2
What is the tens digit of 51235?
3
What is the units digit of 824?
4
What is the